et l(p) = p**2 + 1. Let s be l(-1). Let w(v) = s + 6*v - 4*v - v. Suppose -4*y = 3*j + 18, -4*y - 1 - 1 = -5*j. What is w(y)?
-1
Let v = 2 - 12. Let b = v - -7. Let h(f) = 3*f + 3*f**3 + 6*f**2 + 1 - 4*f**3 + 2*f**3 - 3*f**2. What is h(b)?
-8
Let i(o) = -6*o + 2. Let u(d) = d**3 - 4*d**2 + 2*d - 6. Let s be u(4). Determine i(s).
-10
Suppose 3*i + 4*u - 9 = 6*u, 4*i + 4*u + 8 = 0. Let o(n) = 2*n**3 + 3*n**2 - 4*n - 5. Let c(z) = z**3 + z - 1. Let p(l) = i*c(l) - o(l). What is p(-3)?
-11
Let b(y) = y + 10. Let c = 15 + -10. Let q(x) = 3*x + 20. Let k(z) = c*b(z) - 2*q(z). What is k(0)?
10
Let d(u) be the third derivative of u**4/12 + u**3/2 - 3*u**2. Let s(b) = -1. Let r(n) = -d(n) - 5*s(n). Give r(-3).
8
Let o(a) = -6*a. Let j(h) = h. Let z(i) = 11*j(i) + 2*o(i). Suppose 2*d = 2, -3*m = -2*m + 2*d - 2. Determine z(m).
0
Let g(m) = 2*m**2 - 4*m - 3. Let j(c) be the third derivative of -c**4/24 - c**3/6 - 7*c**2. Let t(a) = g(a) - 4*j(a). Calculate t(1).
3
Suppose 0*h = 3*h - 4*m + 10, -2 = 5*h - 3*m. Let g(s) = 2*s - h*s**2 + s**2 - 8 + 13 - s. Determine g(0).
5
Let j(l) = 2*l - 6. Suppose -3*q - d - 3*d - 8 = 0, 0 = -4*d - 8. Suppose 0 = -2*y - v + 1, q*y = -y - 3*v + 13. Let n be 5 - (0 + y)/(-2). What is j(n)?
2
Let i(d) = 6*d**2 - 11*d + 5. Let h(o) = o**2 - 2*o + 1. Let r(x) = -5*h(x) + i(x). What is r(3)?
6
Let g(x) = x**3 + 6*x**2 - x + 14. Let s(z) = z**2 + 1. Let u(c) = -g(c) + 6*s(c). Determine u(0).
-8
Suppose 0 = 2*y + i - 8, 0 = 4*i. Let t(u) = u**3 + 4 - 2*u + 4*u**2 + y*u + u**2. Calculate t(-5).
-6
Let n(l) = l + 6. Suppose -2*s - 2*v - 28 = 2*s, 5*s = -3*v - 36. What is n(s)?
0
Let n = -2 - -6. Let k(v) = v + 4. Let t(z) = -3*z - 8. Let q(s) = 5*k(s) + 2*t(s). What is q(n)?
0
Let w(p) = p**2 + 2*p - 2. Let v = 7 - 11. Calculate w(v).
6
Let o(i) be the third derivative of i**6/120 + i**5/40 + i**4/12 + 3*i**2. Let f(a) be the second derivative of o(a). Determine f(-2).
-9
Let x(p) = -p**2 - 7*p - 1. Let f(i) = -4*i**2 - 22*i - 2. Let h(y) = 2*f(y) - 7*x(y). Suppose 6*w + 38 = 3*s + w, w = 4*s - 28. Give h(s).
-3
Let f(p) = 4*p**3 - 7. Let l(y) = -y**3 - y**2 - y + 1. Let i(g) = -f(g) - 5*l(g). Calculate i(-4).
-2
Let w = 15 + -15. Let v(u) = u**3 - u**2 + u - 21. What is v(w)?
-21
Let h(w) be the third derivative of w**4/6 + w**3/6 + 5*w**2. Determine h(1).
5
Let f(a) = -a**3 - 3*a**2 - 2*a + 1. Let n(k) = -k**3 - 7*k**2 - 2. Let d be n(-7). Give f(d).
1
Let p(k) = k**3. Let w(v) = 5*v + 3. Let b(o) = -p(o) + w(o). Calculate b(-3).
15
Let b be ((-108)/14)/3 - (-39)/(-91). Let d(y) = 2*y**2 + 4*y + 1. What is d(b)?
7
Let r(k) = 3*k + 4. Suppose -3*v - 5*u + 40 = 0, -5*v + 32 = u + 2. Give r(v).
19
Let c(k) = -5*k + 4. Let f(b) be the third derivative of b**4/24 - b**3/6 + 3*b**2. Let p(v) = c(v) + 4*f(v). Suppose 3*h + 9 = -3. What is p(h)?
4
Let y(t) = -t + 3. Let w be y(5). Let f(z) be the third derivative of -z**6/120 + z**4/24 - z**3/3 - 2*z**2. Determine f(w).
4
Let q(s) be the third derivative of -s**8/10080 - s**7/2520 - s**6/240 + s**5/10 - s**2. Let c(n) be the third derivative of q(n). Determine c(-2).
-7
Let z be 138/42 - 4/14. Let i be z/(2 - (2 + -1)). Let a(w) = -4*w + 4*w**i + 10*w - 2*w**3 - w**3 - 5*w**2. Calculate a(4).
8
Let g be (-2 - 4/6)*-3. Let q(f) = -6 + 8*f - f + 3 - f**2 + 7. Let s be q(g). Let k(o) = -o**2 - 5*o + 1. Give k(s).
5
Let p(a) = -6*a + 2. Let l = -33 - -31. Determine p(l).
14
Let m(x) be the second derivative of 0 - x**2 + 1/3*x**3 - 2*x. Let q(l) = l**3 + 4*l**2 - 6*l - 1. Let b be q(-5). Calculate m(b).
6
Let j be -2*(-1 + 10/4). Let u(x) be the first derivative of x**2 + 3*x - 1. Calculate u(j).
-3
Let d(m) = -5*m**2 - 7*m - 2. Let s(k) = 2*k. Let q(w) = -d(w) - 2*s(w). Calculate q(-2).
16
Let c = 3 + -3. Let r(s) = -4*s**2 + s**2 + 4*s - s**3 + c + 3. Let o be r(-4). Let g(q) = q**2 - 1. What is g(o)?
8
Let x(s) = -3*s + 13. Let d be x(6). Let h(n) = 3*n**2 - 7*n + 2. Let v(m) = 2*m**2 - 3*m + 1. Let f(z) = -3*h(z) + 5*v(z). Give f(d).
-6
Suppose 2*t - 28 = -2*t. Let g(z) = z**2 - 7*z + 1. Let a be g(t). Let p = 4 - a. Let x(l) = -3*l + 3. What is x(p)?
-6
Let r(i) = -9*i**2 + 2*i - 4. Let k(d) = d**2 - d + 1. Let g(c) = 3*k(c) + r(c). Give g(-1).
-6
Let l(h) = 3*h - 3 - 5 - 5*h. Let d be l(-6). Let o(j) = -4 - 5*j**2 + d. Determine o(-1).
-5
Let m(b) be the first derivative of -b**4/4 + b**3/3 + 2*b**2 + 1. Let k(f) = -f**2 - f - 1. Let l(p) = -2*k(p) - m(p). Give l(-3).
-10
Let j(k) be the first derivative of -k**2 + k - 1. Let t(x) be the third derivative of -x**4/12 + x**3/6 + 7*x**2. Let p(q) = -4*j(q) + 3*t(q). Determine p(1).
1
Suppose -r = -g - 1, -1 = 2*r + 5*g - 17. Suppose -3*f = -4*f + 5. Let x(c) = c + r*c - f*c. Calculate x(-5).
5
Let o(l) be the second derivative of -2*l**3/3 - 3*l**2/2 + 2*l. Let m(s) = -2*s + 6. Let i be m(4). Calculate o(i).
5
Let q be (1/2)/(3/(-6)). Let y = -3 - q. Let j be (y - 3/(-1))*4. Let f(h) = -2*h + 6. Determine f(j).
-2
Let c(f) be the third derivative of 0 - f**3 + 1/60*f**5 - 1/8*f**4 + 0*f + 2*f**2. Let w be c(5). Let v(p) = p**3 - 5*p**2 + 5*p + 1. What is v(w)?
5
Let t(u) = 6*u**2 + 9*u - 9. Let s(c) = -2*c**2 - 3*c + 3. Let r(p) = 11*s(p) + 4*t(p). Determine r(-3).
6
Let u(b) = -b + b - 1 - 2*b. Let q be 2/(-1) + 6/3. Let t be (1 - q)*5 - 3. What is u(t)?
-5
Let d = 0 - 0. Let o(r) be the second derivative of r**4/12 + r**3/6 + 3*r**2 + 18*r. Calculate o(d).
6
Let i be (-1)/6 + 65/30. Let g(r) = -2*r**3 - 2*r - 2. Let d(a) = a**3 + a**2 + 2*a + 1. Let s(c) = 3*d(c) + 2*g(c). Calculate s(i).
7
Let d be (0/(9/3))/(-3). Let w be 3*((-8)/(-3) + -1). Suppose 5*v - 9*z + w*z - 24 = d, 2 = -2*z. Let o(x) = x**3 - 5*x**2 + 4*x - 6. Give o(v).
-6
Let b(g) = g**2 + g + 3. Let l = 13 + -13. Determine b(l).
3
Let d(j) = -2*j + 2. Let a(z) = z - 1. Let t(w) = -7*a(w) - 3*d(w). Give t(0).
1
Let c(j) be the second derivative of j**4/12 - j**3/6 - 5*j**2/2 + 8*j. Let q be ((-2)/3 - 0)*-6. Give c(q).
7
Let l be 14/(-6) + (-4)/6. Let i(k) be the first derivative of k**4/4 + 2*k**3/3 - 3*k**2/2 + 4*k + 6. What is i(l)?
4
Let h(u) = 3 - 3*u + 5*u - u**2 + 0*u. Give h(-3).
-12
Let i(q) = 4*q**2 - 29*q. Let o(f) = -f**2 + 7*f. Let m(w) = 2*i(w) + 9*o(w). Let a be m(4). Let p(t) = -3*t + 0 + t - 1. Determine p(a).
-9
Let f(w) = 10*w**2 + w. Let t = 0 - -3. Suppose t*d + 3 = 6. Suppose -d - 4 = 5*s. What is f(s)?
9
Let n(y) = -2*y**3 - y**2 + 3*y + 2. Let s be (-14)/8 + 22/(-88). Give n(s).
8
Let u be 13/5 + 12/30. Let o(v) = -u + 6*v - v + 0. Determine o(2).
7
Let w(l) = -1 - l + 1. Let o = 1 - 6. Let y be w(o). Let m(h) = h**3 - 4*h**2 - 3*h - 3. Calculate m(y).
7
Suppose -7*v + 2 = -5. Let y(c) = 12*c. What is y(v)?
12
Let y(w) = -w**2 - 2*w - 1. Let v = 4 + 0. Suppose v*g + 3 = 11. What is y(g)?
-9
Let k = 6 - 5. Suppose -r + 1 = -k. Let x(a) = a**2 - 3*a - 2. Give x(r).
-4
Let y be -1 + 2 + -1 + -1. Let f(h) be the second derivative of -h**7/840 - h**6/360 - h**3/3 - h. Let v(z) be the second derivative of f(z). Determine v(y).
0
Let k(r) = -r + 10*r - r**3 + 8*r**2 + 0*r**3. What is k(9)?
0
Let l(s) = s**2 - 7*s + 3. Let d be l(7). Suppose -d*h = -h - 10. Suppose -3*i = 17 - h. Let z(j) = -j - 5. Calculate z(i).
-1
Let f = -22 + 28. Let h(q) = q**2 - 7*q. What is h(f)?
-6
Let m(y) = -15*y**2 - 6*y + 4. Let r(d) = 7*d**2 + 3*d - 2. Let i(l) = -6*m(l) - 13*r(l). Suppose -w - 12 = 3*w. Calculate i(w).
2
Let g(q) = -9*q**2 + 6*q - 5. Let f(z) = -z**2 + z - 1. Let w(r) = 4*f(r) - g(r). Give w(1).
4
Let y(t) = -t**2 + 5*t**2 - t**3 + 0*t - 2 - t. Suppose 0*w = -5*w + 20. What is y(w)?
-6
Let i(m) = -m - 5. Let l = 2 + -8. Let f be (6/(-5))/(l/(-30)). Give i(f).
1
Let v be 6/2*-1 - -4. Let q = -1 + v. Let m(w) = -w**3 + w - 11. Give m(q).
-11
Suppose -g = -b + 1, -4*b = g - 12 - 7. Let s(u) = -2 - 2*u - 2*u + g*u. Let y(f) = -f**3 - 6*f**2 + f + 3. Let k be y(-6). What is s(k)?
1
Let w(d) = -14*d. Let y(u) = 5*u. Let o(i) = -4*w(i) - 11*y(i). Let x be o(-1). Let a(k) be the first derivative of 2*k**3 + k - 5. Calculate a(x).
7
Let s(p) = -p + 2. Let a be (-2 - -1)/(-2 - -1). Let r(n) = 4*n. Let u be r(a). Give s(u).
-2
Suppose 0 = -3*o + 4 + 5. Suppose 4*w + 5 = o*y + 18, -3*y - 8 = w. Let d(j) = 8*j - 1. Calculate d(w).
7
Suppose 0 = -5*b + 4*b + 3. Suppo